{"id":881,"date":"2018-05-24T12:44:35","date_gmt":"2018-05-24T10:44:35","guid":{"rendered":"http:\/\/www.stb-huemer.at\/stb\/?page_id=881"},"modified":"2018-05-25T13:44:39","modified_gmt":"2018-05-25T11:44:39","slug":"dsgvo","status":"publish","type":"page","link":"https:\/\/www.stb-huemer.at\/stb\/team\/dsgvo\/","title":{"rendered":"DSGVO"},"content":{"rendered":"<p>Hier finden Sie zusammengefasst unsere Datenschutzerkl\u00e4rung gem\u00e4ss der DSGVO, die ab 25.05.2018 gilt:<\/p>\n<p><a href=\"https:\/\/www.stb-huemer.at\/stb\/?page_id=872\" target=\"_blank\" rel=\"noopener\">Datenschutzerkl\u00e4rung zur Webseite<\/a><\/p>\n<p><a href=\"https:\/\/www.stb-huemer.at\/stb\/wp-content\/uploads\/2018\/05\/StdBrf145201802859642.rtf-1.pdf\" target=\"_blank\" rel=\"noopener\">Datenschutzerkl\u00e4rung unserer Kanzlei<\/a><\/p>\n","protected":false},"excerpt":{"rendered":"<p>Hier finden Sie zusammengefasst unsere Datenschutzerkl\u00e4rung gem\u00e4ss der DSGVO, die ab 25.05.2018 gilt: Datenschutzerkl\u00e4rung zur Webseite Datenschutzerkl\u00e4rung unserer Kanzlei<\/p>\n","protected":false},"author":1,"featured_media":876,"parent":120,"menu_order":0,"comment_status":"closed","ping_status":"closed","template":"","meta":{"footnotes":""},"class_list":["post-881","page","type-page","status-publish","has-post-thumbnail","hentry"],"_links":{"self":[{"href":"https:\/\/www.stb-huemer.at\/stb\/wp-json\/wp\/v2\/pages\/881","targetHints":{"allow":["GET"]}}],"collection":[{"href":"https:\/\/www.stb-huemer.at\/stb\/wp-json\/wp\/v2\/pages"}],"about":[{"href":"https:\/\/www.stb-huemer.at\/stb\/wp-json\/wp\/v2\/types\/page"}],"author":[{"embeddable":true,"href":"https:\/\/www.stb-huemer.at\/stb\/wp-json\/wp\/v2\/users\/1"}],"replies":[{"embeddable":true,"href":"https:\/\/www.stb-huemer.at\/stb\/wp-json\/wp\/v2\/comments?post=881"}],"version-history":[{"count":0,"href":"https:\/\/www.stb-huemer.at\/stb\/wp-json\/wp\/v2\/pages\/881\/revisions"}],"up":[{"embeddable":true,"href":"https:\/\/www.stb-huemer.at\/stb\/wp-json\/wp\/v2\/pages\/120"}],"wp:featuredmedia":[{"embeddable":true,"href":"https:\/\/www.stb-huemer.at\/stb\/wp-json\/wp\/v2\/media\/876"}],"wp:attachment":[{"href":"https:\/\/www.stb-huemer.at\/stb\/wp-json\/wp\/v2\/media?parent=881"}],"curies":[{"name":"wp","href":"https:\/\/api.w.org\/{rel}","templated":true}]}}