{"id":270,"date":"2016-07-21T16:54:38","date_gmt":"2016-07-21T14:54:38","guid":{"rendered":"http:\/\/www.stb-huemer.at\/stb\/?page_id=270"},"modified":"2016-07-21T16:54:38","modified_gmt":"2016-07-21T14:54:38","slug":"uid-nummern-ueberpruefen","status":"publish","type":"page","link":"https:\/\/www.stb-huemer.at\/stb\/buchhaltung\/uid-nummern-ueberpruefen\/","title":{"rendered":"UID-Nummern \u00fcberpr\u00fcfen"},"content":{"rendered":"<p><a href=\"http:\/\/ec.europa.eu\/taxation_customs\/vies\/?locale=de\" target=\"_blank&quot;\"><b>UID-Nummern pr\u00fcfen<\/b><\/a><br \/>\nEin Online-Tool der Europ\u00e4ischen Kommission, mit dem Sie die UID-Nummern Ihrer Kunden pr\u00fcfen k\u00f6nnen ohne sich bei FinanzOnline einloggen zu m\u00fcssen.<\/p>\n<p>Sie sind gesetzlich verpflichtet, die UID-Nummern Ihrer Gesch\u00e4ftspartner laufend zu pr\u00fcfen. Das Pr\u00fcfprotokoll unbedingt ausdrucken und zu Ihren Unterlagen geben.<\/p>\n","protected":false},"excerpt":{"rendered":"<p>UID-Nummern pr\u00fcfen Ein Online-Tool der Europ\u00e4ischen Kommission, mit dem Sie die UID-Nummern Ihrer Kunden pr\u00fcfen k\u00f6nnen ohne sich bei FinanzOnline einloggen zu m\u00fcssen. Sie sind gesetzlich verpflichtet, die UID-Nummern Ihrer&hellip; <br \/><a class=\"read-more-button\" href=\"https:\/\/www.stb-huemer.at\/stb\/buchhaltung\/uid-nummern-ueberpruefen\/\">Mehr Lesen<\/a><\/p>\n","protected":false},"author":1,"featured_media":255,"parent":18,"menu_order":0,"comment_status":"closed","ping_status":"closed","template":"","meta":{"footnotes":""},"class_list":["post-270","page","type-page","status-publish","has-post-thumbnail","hentry"],"_links":{"self":[{"href":"https:\/\/www.stb-huemer.at\/stb\/wp-json\/wp\/v2\/pages\/270","targetHints":{"allow":["GET"]}}],"collection":[{"href":"https:\/\/www.stb-huemer.at\/stb\/wp-json\/wp\/v2\/pages"}],"about":[{"href":"https:\/\/www.stb-huemer.at\/stb\/wp-json\/wp\/v2\/types\/page"}],"author":[{"embeddable":true,"href":"https:\/\/www.stb-huemer.at\/stb\/wp-json\/wp\/v2\/users\/1"}],"replies":[{"embeddable":true,"href":"https:\/\/www.stb-huemer.at\/stb\/wp-json\/wp\/v2\/comments?post=270"}],"version-history":[{"count":0,"href":"https:\/\/www.stb-huemer.at\/stb\/wp-json\/wp\/v2\/pages\/270\/revisions"}],"up":[{"embeddable":true,"href":"https:\/\/www.stb-huemer.at\/stb\/wp-json\/wp\/v2\/pages\/18"}],"wp:featuredmedia":[{"embeddable":true,"href":"https:\/\/www.stb-huemer.at\/stb\/wp-json\/wp\/v2\/media\/255"}],"wp:attachment":[{"href":"https:\/\/www.stb-huemer.at\/stb\/wp-json\/wp\/v2\/media?parent=270"}],"curies":[{"name":"wp","href":"https:\/\/api.w.org\/{rel}","templated":true}]}}