{"id":22,"date":"2015-04-02T11:50:00","date_gmt":"2015-04-02T09:50:00","guid":{"rendered":"http:\/\/www.stb-huemer.at\/stb\/?page_id=22"},"modified":"2021-04-23T09:41:22","modified_gmt":"2021-04-23T08:41:22","slug":"kontakt","status":"publish","type":"page","link":"https:\/\/www.stb-huemer.at\/stb\/team\/kontakt\/","title":{"rendered":"unsere Kanzlei"},"content":{"rendered":"<p><a href=\"https:\/\/www.stb-huemer.at\/stb\/wp-content\/uploads\/2015\/03\/cropped-d27aXIV050.jpg\"><img loading=\"lazy\" decoding=\"async\" class=\"alignnone size-full wp-image-36\" src=\"https:\/\/www.stb-huemer.at\/stb\/wp-content\/uploads\/2015\/03\/cropped-d27aXIV050.jpg\" alt=\"\" width=\"1200\" height=\"170\" srcset=\"https:\/\/www.stb-huemer.at\/stb\/wp-content\/uploads\/2015\/03\/cropped-d27aXIV050.jpg 1200w, https:\/\/www.stb-huemer.at\/stb\/wp-content\/uploads\/2015\/03\/cropped-d27aXIV050-300x43.jpg 300w, https:\/\/www.stb-huemer.at\/stb\/wp-content\/uploads\/2015\/03\/cropped-d27aXIV050-1024x145.jpg 1024w\" sizes=\"auto, (max-width: 1200px) 100vw, 1200px\" \/><\/a><\/p>\n<p style=\"text-align: center;\"><strong>Gr\u00fc\u00df Gott und ein herzliches Willkommen auf unserer Homepage!<\/strong><\/p>\n<p style=\"text-align: justify;\"><a href=\"https:\/\/www.stb-huemer.at\/stb\/wp-content\/uploads\/2016\/07\/kompass5.png\"><img loading=\"lazy\" decoding=\"async\" class=\"size-thumbnail wp-image-206 alignleft\" src=\"https:\/\/www.stb-huemer.at\/stb\/wp-content\/uploads\/2016\/07\/kompass5-150x136.png\" alt=\"Navigation im Steuerdschungel\" width=\"150\" height=\"136\" \/><\/a>Unsere Kanzlei ist seit dem Jahr 2002 erfolgreich f\u00fcr unsere Mandanten t\u00e4tig und\u00a0Sie treffen meine\u00a0bew\u00e4hrten Mitarbeiter und mich seit Oktober 2012 in unseren Kanzleir\u00e4umlichkeiten in\u00a0St.Florian bei Linz. Wir sind ein hoch motiviertes Team von Spezialisten, das Ihnen bestm\u00f6gliche Unterst\u00fctzung in Ihrem Unternehmensalltag bietet und daf\u00fcr\u00a0sorgt, dass Sie sich\u00a0nicht im\u00a0Steuer-Dschungel verirren.<\/p>\n<p style=\"text-align: justify;\">Sie werden noch nicht von uns betreut, oder \u00fcberlegen gerade die Neugr\u00fcndung eines Unternehmens? Kontaktieren Sie uns, zu einem kostenlosen Erstgespr\u00e4ch m\u00f6chten wir Sie herzlich einladen!<\/p>\n<p style=\"text-align: justify;\">Mit unserer Homepage informieren\u00a0wir\u00a0Sie &#8211; egal ob Sie bereits Mandant sind oder nicht &#8211; \u00fcber die aktuellen Neuerungen im Steuer- und Abgabenrecht. \u00a0Gleichzeitig k\u00f6nnen Sie hier unsere Klienten &#8211; Infos abonnieren, die Sie zu\u00a0unregelm\u00e4ssigen und eher seltenen\u00a0Erscheinungsterminen\u00a0\u00fcber Neuerungen und \u00c4nderungen im Steuerrecht per Email am Laufenden halten.<\/p>\n<p>Nachtrag 2021: Das letzte Corona-Jahr hat uns gezeigt, dass immer mehr online gehen muss. Daher gibt es keine Newsletter-Anmeldung mehr, sondern Sie werden als Klientin\/Klient unserer Kanzlei automatisch dem Verteiler hinzugef\u00fcgt und erhalten unsere Rundschreiben. Nat\u00fcrlich k\u00f6nnen Sie sich in diesem Verteiler selbst wieder austragen, allerdings verlieren Sie damit die einfache, schnelle\u00a0 und oft einzige M\u00f6glichkeit, aktuelle Informationen von uns zu erhalten. Damit wird Wissen f\u00fcr Sie zur Holschuld &#8211; wenn Sie unsere Webseite als Startseite einstellen, verpassen Sie dennoch nichts.<\/p>\n<hr \/>\n<div style=\"width: 714px\" class=\"wp-caption aligncenter\"><a href=\"http:\/\/www.Karrernet.at\" target=\"_blank\" rel=\"noopener\"><img loading=\"lazy\" decoding=\"async\" src=\"http:\/\/www.karrernet.at\/images\/webcam.jpg\" alt=\"powered bei Karrernet.at\" width=\"704\" height=\"576\" \/><\/a><p class=\"wp-caption-text\">Webcam St.Florian<\/p><\/div>\n","protected":false},"excerpt":{"rendered":"<p>Gr\u00fc\u00df Gott und ein herzliches Willkommen auf unserer Homepage! Unsere Kanzlei ist seit dem Jahr 2002 erfolgreich f\u00fcr unsere Mandanten t\u00e4tig und\u00a0Sie treffen meine\u00a0bew\u00e4hrten Mitarbeiter und mich seit Oktober 2012&hellip; <br \/><a class=\"read-more-button\" href=\"https:\/\/www.stb-huemer.at\/stb\/team\/kontakt\/\">Mehr Lesen<\/a><\/p>\n","protected":false},"author":1,"featured_media":0,"parent":120,"menu_order":5,"comment_status":"closed","ping_status":"closed","template":"","meta":{"footnotes":""},"class_list":["post-22","page","type-page","status-publish","hentry"],"_links":{"self":[{"href":"https:\/\/www.stb-huemer.at\/stb\/wp-json\/wp\/v2\/pages\/22","targetHints":{"allow":["GET"]}}],"collection":[{"href":"https:\/\/www.stb-huemer.at\/stb\/wp-json\/wp\/v2\/pages"}],"about":[{"href":"https:\/\/www.stb-huemer.at\/stb\/wp-json\/wp\/v2\/types\/page"}],"author":[{"embeddable":true,"href":"https:\/\/www.stb-huemer.at\/stb\/wp-json\/wp\/v2\/users\/1"}],"replies":[{"embeddable":true,"href":"https:\/\/www.stb-huemer.at\/stb\/wp-json\/wp\/v2\/comments?post=22"}],"version-history":[{"count":0,"href":"https:\/\/www.stb-huemer.at\/stb\/wp-json\/wp\/v2\/pages\/22\/revisions"}],"up":[{"embeddable":true,"href":"https:\/\/www.stb-huemer.at\/stb\/wp-json\/wp\/v2\/pages\/120"}],"wp:attachment":[{"href":"https:\/\/www.stb-huemer.at\/stb\/wp-json\/wp\/v2\/media?parent=22"}],"curies":[{"name":"wp","href":"https:\/\/api.w.org\/{rel}","templated":true}]}}