{"id":115,"date":"2015-04-06T14:41:40","date_gmt":"2015-04-06T12:41:40","guid":{"rendered":"http:\/\/www.stb-huemer.at\/stb\/?page_id=115"},"modified":"2016-07-23T10:01:42","modified_gmt":"2016-07-23T08:01:42","slug":"steuern-und-sozialversicherung","status":"publish","type":"page","link":"https:\/\/www.stb-huemer.at\/stb\/steuern-und-sozialversicherung\/","title":{"rendered":"Bilanz und Jahresabschluss"},"content":{"rendered":"<p>Ihr Unternehmen ist zur Offenlegung im Firmenbuch verpflichtet und Sie brauchen neben dem gesetzlich vorgeschliebenen Jahresabschluss noch ausf\u00fchrlichere Informationen zur Steuerung Ihres Unternehmens? Ihre Bank dr\u00e4ngt bereits auf Vorlage des Ergebnisses? Wir erstellen alle n\u00f6tigen Unterlagen anhand der laufend gef\u00fchrten Buchhaltung, unterst\u00fctzen Sie bei Bankgespr\u00e4chen und bleiben auch bei anstehenden Sanierungen ein starker Partner.<\/p>\n","protected":false},"excerpt":{"rendered":"<p>Ihr Unternehmen ist zur Offenlegung im Firmenbuch verpflichtet und Sie brauchen neben dem gesetzlich vorgeschliebenen Jahresabschluss noch ausf\u00fchrlichere Informationen zur Steuerung Ihres Unternehmens? Ihre Bank dr\u00e4ngt bereits auf Vorlage des&hellip; <br \/><a class=\"read-more-button\" href=\"https:\/\/www.stb-huemer.at\/stb\/steuern-und-sozialversicherung\/\">Mehr Lesen<\/a><\/p>\n","protected":false},"author":1,"featured_media":0,"parent":0,"menu_order":0,"comment_status":"closed","ping_status":"closed","template":"","meta":{"footnotes":""},"class_list":["post-115","page","type-page","status-publish","hentry"],"_links":{"self":[{"href":"https:\/\/www.stb-huemer.at\/stb\/wp-json\/wp\/v2\/pages\/115","targetHints":{"allow":["GET"]}}],"collection":[{"href":"https:\/\/www.stb-huemer.at\/stb\/wp-json\/wp\/v2\/pages"}],"about":[{"href":"https:\/\/www.stb-huemer.at\/stb\/wp-json\/wp\/v2\/types\/page"}],"author":[{"embeddable":true,"href":"https:\/\/www.stb-huemer.at\/stb\/wp-json\/wp\/v2\/users\/1"}],"replies":[{"embeddable":true,"href":"https:\/\/www.stb-huemer.at\/stb\/wp-json\/wp\/v2\/comments?post=115"}],"version-history":[{"count":0,"href":"https:\/\/www.stb-huemer.at\/stb\/wp-json\/wp\/v2\/pages\/115\/revisions"}],"wp:attachment":[{"href":"https:\/\/www.stb-huemer.at\/stb\/wp-json\/wp\/v2\/media?parent=115"}],"curies":[{"name":"wp","href":"https:\/\/api.w.org\/{rel}","templated":true}]}}