{"id":111,"date":"2015-04-06T14:36:03","date_gmt":"2015-04-06T12:36:03","guid":{"rendered":"http:\/\/www.stb-huemer.at\/stb\/?page_id=111"},"modified":"2021-08-05T12:10:11","modified_gmt":"2021-08-05T11:10:11","slug":"betriebsberatung","status":"publish","type":"page","link":"https:\/\/www.stb-huemer.at\/stb\/betriebsberatung\/","title":{"rendered":"Betriebsberatung"},"content":{"rendered":"<p>Das kaufm\u00e4nnische Rechnungswesen besteht nicht nur aus Buchhaltung &#8211; wir decken selbstverst\u00e4ndlich auch die anderen drei Bereiche professionell ab:<\/p>\n<ul>\n<li>Kostenrechnung<br \/>\narbeiten mit Kennzahlen &#8211; f\u00fcr Sie verst\u00e4ndlich gemacht<\/li>\n<li>Statistik<br \/>\nr\u00fcckblickender Vergleich \u00fcber die vergangenen Gesch\u00e4ftsjahre<\/li>\n<li>Planrechnung<br \/>\nmit der Erfahrung der Vergangenheit einen Blick in die Zukunft zu werfen &#8211; Planziele festlegen und immer wieder nachjustieren, damit sie auch erreicht werden k\u00f6nnen<\/li>\n<\/ul>\n","protected":false},"excerpt":{"rendered":"<p>Das kaufm\u00e4nnische Rechnungswesen besteht nicht nur aus Buchhaltung &#8211; wir decken selbstverst\u00e4ndlich auch die anderen drei Bereiche professionell ab: Kostenrechnung arbeiten mit Kennzahlen &#8211; f\u00fcr Sie verst\u00e4ndlich gemacht Statistik r\u00fcckblickender&hellip; <br \/><a class=\"read-more-button\" href=\"https:\/\/www.stb-huemer.at\/stb\/betriebsberatung\/\">Mehr Lesen<\/a><\/p>\n","protected":false},"author":1,"featured_media":0,"parent":0,"menu_order":0,"comment_status":"closed","ping_status":"closed","template":"","meta":{"footnotes":""},"class_list":["post-111","page","type-page","status-publish","hentry"],"_links":{"self":[{"href":"https:\/\/www.stb-huemer.at\/stb\/wp-json\/wp\/v2\/pages\/111","targetHints":{"allow":["GET"]}}],"collection":[{"href":"https:\/\/www.stb-huemer.at\/stb\/wp-json\/wp\/v2\/pages"}],"about":[{"href":"https:\/\/www.stb-huemer.at\/stb\/wp-json\/wp\/v2\/types\/page"}],"author":[{"embeddable":true,"href":"https:\/\/www.stb-huemer.at\/stb\/wp-json\/wp\/v2\/users\/1"}],"replies":[{"embeddable":true,"href":"https:\/\/www.stb-huemer.at\/stb\/wp-json\/wp\/v2\/comments?post=111"}],"version-history":[{"count":0,"href":"https:\/\/www.stb-huemer.at\/stb\/wp-json\/wp\/v2\/pages\/111\/revisions"}],"wp:attachment":[{"href":"https:\/\/www.stb-huemer.at\/stb\/wp-json\/wp\/v2\/media?parent=111"}],"curies":[{"name":"wp","href":"https:\/\/api.w.org\/{rel}","templated":true}]}}